
Let l(w) = -4*w**2 - 70*w - 31. Let q be l(-17). Suppose 3*u - 2503 = -5*k + 2129, -2776 = -q*k - u. List the prime factors of k.
2, 3, 7, 11
Let i = 624 - 257. List the prime factors of i - (5 - 36/4).
7, 53
Let j(x) be the second derivative of x**3/3 - 10*x**2 - 14*x. Let f be j(10). Suppose f = 6*i - i - 460. What are the prime factors of i?
2, 23
Let v be 4/5 + 1/5. Suppose 5*q = y - 78 - 55, v = q. Let n = y + -93. List the prime factors of n.
3, 5
Suppose -4*y + 4*b = -5*y - 20, 5 = -5*b. Let a(j) = 0*j - j**3 - 4*j - 16*j**2 - 31 + 43 + j. List the prime factors of a(y).
2, 3, 5
Let n = 27 + -25. Suppose 8 = 4*k, k - 1 = -n*l + 15. Suppose 5*t - q = 510, -2*q + 102 = t - l*q. List the prime factors of t.
2, 3, 17
Let p be (-2)/(-6)*(-14 + 56/4). Suppose -5*f - 3*u = -2592, 2247 = 5*f + 5*u - 343. Suppose 4*r - f + 47 = p. List the prime factors of r.
2, 59
Suppose -3*x = 3*h - 81702, -x + 5*h + 12621 = -14565. List the prime factors of x.
2, 13613
Suppose 0 = t - 14824 - 1949. List the prime factors of t.
3, 5591
Let d = -1302 - -2547. Suppose d = -6*p + 11*p. What are the prime factors of p?
3, 83
Let v(n) = 4*n**2 + 5*n - 13. Let l(h) = -h**3 + 11*h**2 + 13*h - 8. Let x = -66 - -78. Let a be l(x). What are the prime factors of v(a)?
71
Suppose l + 61 = -4*y, -3*y + 6*l - l - 63 = 0. Let m be ((-20)/y)/(3/12). Suppose m*s - 349 = 3*c, -3*s - c + 189 = 4*c. List the prime factors of s.
2, 17
Let b(x) = x**3 + 37*x**2 + 9*x - 6. Let g be b(-33). Suppose 41*v - 48*v + g = 0. What are the prime factors of v?
3, 193
Suppose -w = 2*o - 1049, -269*w = -266*w - o - 3189. What are the prime factors of w?
1061
Let b(h) = -h**3 - 9*h - 20. Let u be b(-11). Suppose 0 = 71*s - 65*s - u. What are the prime factors of s?
5, 47
Suppose 20*c - 6164 = -r + 24*c, 0 = r + 2*c - 6134. What are the prime factors of r?
2, 3
Suppose 231*k = 185*k + 511566. List the prime factors of k.
3, 11, 337
Let o = 87340 + -56016. What are the prime factors of o?
2, 41, 191
Suppose 0 = -167*k + 85044 + 11816. What are the prime factors of k?
2, 5, 29
Let v(p) = -3062*p + 1350. What are the prime factors of v(-5)?
2, 5, 7, 17
Suppose -a + 99482 = 5*v, -94*v = -97*v - 2*a + 59685. List the prime factors of v.
101, 197
Let z be 0*3/(-9) - -5. Suppose -3*n = -k - 17, k = -5*n - 2*k + z. Suppose n*x = -2*s + 540 + 68, 3*s = 5*x - 771. What are the prime factors of x?
3, 17
Let l(c) = c**3 - 7*c**2 - 7*c + 5. Let i be l(6). Let g be 6*(-2)/28 + 2392/28. Let p = g + i. What are the prime factors of p?
2, 3
Suppose 3*m + 3 = 2*j + j, 4*j - 5*m - 1 = 0. Suppose -7 = -5*f + 3*s + j, -3*f + 24 = 4*s. Suppose -f*b + 286 = -58. What are the prime factors of b?
2, 43
Let f = -5107 - -10668. List the prime factors of f.
67, 83
Let l(f) = -5*f + 8. Let y be l(1). Suppose 5*c + 549 = 3*c + y*d, -5*d = 4*c + 1043. What are the prime factors of 2*4/(-12)*c?
2, 89
Suppose 3 = -2*w - z, 2*w + 5*z = 7*w + 15. Let f be (w - -2)/(12/3). Suppose f = 3*a - 0*a - 165. What are the prime factors of a?
5, 11
Let o(b) = -b**2 + 32*b + 108. Let a be o(35). Suppose 2*y - 4*w = 906, -a*y + 1187 + 172 = -4*w. List the prime factors of y.
3, 151
Let x(t) = 12*t - 159. Let a be x(14). Suppose -24*w + a*w = -8385. List the prime factors of w.
13, 43
Suppose -23776531 = -286*d - 5731647. What are the prime factors of d?
2, 31547
Suppose 0 = -5*k - 5*i + 40, 5*i - 14 = 2*k + 5. Suppose -732 = -3*d + k*x, -d - 71 = -4*x - 300. List the prime factors of d.
3, 83
Suppose -131*u + 1114257 = -36*u - 1071313. What are the prime factors of u?
2, 11503
Suppose -4*j - 180 = 2*j. Let i be (2 + -3)/(2/j). Suppose -425 = -5*v - i. What are the prime factors of v?
2, 41
Let i(l) = 3446*l - 4907. List the prime factors of i(9).
26107
Let b = -54 + 57. Suppose b*p + 4*v + 42 = -0*p, 4*p - 4*v = -56. List the prime factors of 6/p - ((-4236)/14)/6.
2, 5
Let n(f) be the first derivative of f**5/10 + f**4/2 - 8*f**3/3 - 14*f**2 - 23. Let r(t) be the second derivative of n(t). List the prime factors of r(-7).
2, 97
Suppose 2*x - 118187 = 5*c, 0 = -20*x + 16*x - 5*c + 236479. What are the prime factors of x?
13, 4547
List the prime factors of 14*17866/4 - ((14 - 17) + -1).
3, 5, 11, 379
Suppose 0 = -2*h + 8*r + 6412, 0 = 3*r - 24 + 30. List the prime factors of h.
2, 3, 13, 41
Let h = -31734 - -50773. List the prime factors of h.
79, 241
Let x = 10119 - -5164. List the prime factors of x.
17, 29, 31
List the prime factors of (2/6)/((-144)/(-9557568)).
2, 5531
Let u(x) = 55*x - 8. Let o(t) = -t**3 - 16*t**2. Let d be o(-16). Suppose d*f - 6 = -3*f. What are the prime factors of u(f)?
2, 3, 17
Let w be 15 - (16/(-4) + 0). Suppose -20 + 138 = -5*d + k, 5*k = -3*d - 54. Let g = w - d. What are the prime factors of g?
2, 3, 7
Suppose 2*w + 0*w + 692 = 2*c, 5*w - 2*c = -1742. Let j = 494 + w. Suppose -4*s = 7 + 5, -2*t + j = -2*s. What are the prime factors of t?
3, 23
Let k be (-75774)/(-33) + -4*(-3)/(-66). Suppose 126*a - k = 124*a. List the prime factors of a.
2, 7, 41
Suppose 54*q + 22816 = 62*q. List the prime factors of q.
2, 23, 31
What are the prime factors of (-74)/(((-8792)/4417 + 2)/(-3))?
37, 631
Let c(u) = -19*u - 14. Let b be c(-4). Let d = 273 - b. List the prime factors of d.
211
Let j(a) = 317*a**2 - 13*a + 43. List the prime factors of j(3).
2857
Let p = -583 + 569. List the prime factors of (-8)/(-1)*(p - (-345)/12).
2, 59
List the prime factors of (-21)/49 - 361680/(-140).
3, 7, 41
Let n(x) = 6611*x - 3. Let u be n(3). Suppose 0 = -46*v + 23318 + u. What are the prime factors of v?
2, 7, 67
Let o(z) = z**3 - 33*z**2 + 17*z + 71. Let l be o(31). Let n = -817 - l. What are the prime factors of n?
3, 13
Let g = -20 + 54. Let a(f) = 20*f - 17. Let q be a(4). Let p = q - g. List the prime factors of p.
29
Suppose 127004 = 4*h + 3*k, -22*h + 19*h + 95232 = -3*k. What are the prime factors of h?
2, 7937
Let q be (-184)/(-16) + (-2)/(-4). Suppose 4*f - q = -0*f. Suppose f*j = 4*z + 331, -2 = -z - 0*z. What are the prime factors of j?
113
Suppose -i + 5*u + 129 = -1602, -2*i = -5*u - 3487. Let o = i - 1097. List the prime factors of o.
659
Let y = -10305 - -14644. List the prime factors of y.
4339
Suppose 53*d = 47*d - 12. What are the prime factors of (1119/(-12)*d)/(5/20)?
2, 373
Suppose 10*c + 20760 = 14*c + 3*s, 4*s = -4*c + 20756. Suppose -r - 3 = -1, 5*n - c = 4*r. List the prime factors of n.
17, 61
Suppose 0*g + 12 = 4*g. Let p(a) = 6*a**2 + 4*a - 4. What are the prime factors of p(g)?
2, 31
Suppose -10*z = 191403 - 572013. What are the prime factors of z?
3, 4229
Let k = 475 - 953. Let q = 906 + k. What are the prime factors of q?
2, 107
Let u = 2199 + -857. Suppose -2*a = 4*w - u, 7*w - 1006 = 4*w - a. What are the prime factors of w?
5, 67
Suppose 3*b - 109*f - 46731 = -112*f, 2*b = -4*f + 31142. List the prime factors of b.
15583
Suppose -39*a = 8*a - 188. Suppose 4*b - 3*b = a*s + 777, s = -b + 797. What are the prime factors of b?
13, 61
Suppose 0 = -5*u - 334 + 1664. Let h = u + 1011. What are the prime factors of h?
1277
Suppose -3*k - 4*b + 8 = b, k + 24 = 5*b. Let v be 2/k + ((-7)/(-2) - 3). Suppose 319 = a + 4*a + 3*f, 2*a + 2*f - 130 = v. What are the prime factors of a?
2, 31
Suppose 5*m = -u + 1 + 26, 3*u + 19 = 5*m. Suppose -m*q + f - 1356 = -6*q, -q - 5*f + 1364 = 0. What are the prime factors of q?
2, 677
Let u = -3143 - -3801. List the prime factors of u.
2, 7, 47
Suppose -20*c + 19*c = -14199. List the prime factors of c.
3, 4733
Let d(v) = 2*v**3 - 59*v**2 + 29*v + 3. Let g be d(29). List the prime factors of ((-329)/42 + g)*-78.
13, 29
Let i = -23 + 25. Let v be i/(-15) + (-77)/(-15). Suppose 13*t = v*t + 440. List the prime factors of t.
5, 11
Let y(h) = -193*h - 1. Suppose -27*u + 24*u = 18. What are the prime factors of y(u)?
13, 89
Suppose 15*a = 242 + 58. Suppose 0 = 12*h - a*h + 792. What are the prime factors of h?
3, 11
What are the prime factors of (696/28)/((-75)/(-3325))?
2, 19, 29
Let a(c) = 2*c + 8. Let k be a(-2). Let n be (4/6)/((k/4)/(-57)). List the prime factors of (-10*(-18)/12)/((-3)/n).
2, 5, 19
Let k(v) = -2*v**3 - 21*v**2 + 12*v + 10. Let n be k(-11). Let c(b) = -445*b**3 - b**2 - 2*b - 2. List the prime factors of c(n).
2, 3, 37
Suppose -4*x = l - 25132, l - 8416 - 